o base 6.
31122235
What is -1004435 (base 7) in base 8?
-350713
What is -635e0 (base 15) in base 12?
-1324b6
Convert -11411545 (base 6) to base 3.
-200021000202
What is 2210100121 (base 3) in base 2?
1101011010010110
Convert 30352004 (base 7) to base 6.
130150145
Convert -62b10 (base 12) to base 11.
-892a9
44588 (base 12) to base 11
62147
Convert -30851a (base 13) to base 2.
-100010100011100100011
Convert -1856747 (base 9) to base 16.
-fe4d6
a77cc8 (base 13) to base 2
1110111111100100111100
What is -412300033 (base 5) in base 2?
-110011010011101110100
Convert -10014506 (base 7) to base 11.
-515844
What is -234100 (base 6) in base 13?
-9348
Convert -592685 (base 10) to base 4.
-2100230231
-1119264 (base 11) to base 4
-13132121320
What is -87155a2 (base 11) in base 6?
-1304222310
131dbb4 (base 14) to base 10
9219410
What is 2556644 (base 7) in base 8?
1213632
What is -305423532 (base 6) in base 11?
-2aa4a88
What is 2b1a47 (base 12) in base 7?
6124213
-3848446 (base 10) to base 4
-32223203332
Convert -17388 (base 14) to base 12.
-29910
-bd5302 (base 14) to base 8
-30416126
21202000102010 (base 3) to base 14
791407
Convert -2808847 (base 9) to base 2.
-101111000011010100101
What is -690b42 (base 16) in base 11?
-398219a
-14062835 (base 9) to base 14
-cccc57
What is 1232002111 (base 4) in base 10?
450709
2277 (base 12) to base 6
25431
Convert 60100c (base 14) to base 11.
1906581
-4202a (base 13) to base 5
-12244144
Convert -145103 (base 8) to base 9.
-78022
Convert 121333101321 (base 4) to base 10.
6812793
What is -828a (base 13) in base 14?
-67da
-13463 (base 11) to base 7
-106640
3202113211 (base 4) to base 14
1a1c8d
Convert 100110100011001001110 (base 2) to base 3.
2101011202112
Convert 101000221111 (base 3) to base 8.
601616
What is -202816 (base 11) in base 6?
-10552033
Convert 243312204 (base 5) to base 3.
2011110210000
-111111101001011011 (base 2) to base 4
-333221123
What is 503007 (base 8) in base 7?
1256111
-11022110210000 (base 3) to base 2
-1000101111101100111111
26130364 (base 7) to base 4
21010113133
Convert -1244052 (base 9) to base 5.
-133204441
Convert -187394 (base 12) to base 14.
-b1a5a
232211021003 (base 4) to base 8
56451103
Convert -1201200120000 (base 3) to base 11.
-578465
Convert 7411a84 (base 11) to base 4.
301311010011
What is 30100300322 (base 4) in base 7?
36215261
What is -2344203313 (base 5) in base 3?
-101021101111001
-22052045 (base 6) to base 14
-1327db
What is 151540210 (base 6) in base 10?
3170094
Convert 520211452 (base 6) to base 12.
3009b88
Convert -22311212 (base 6) to base 13.
-1a985b
Convert 4945e (base 15) to base 12.
b3408
Convert 28eb3 (base 15) to base 11.
8a938
5a33b0 (base 13) to base 15
2c6c7b
Convert -2da96 (base 14) to base 15.
-23e4b
-1c9c5f (base 16) to base 6
-104104423
What is -389918 (base 10) in base 8?
-1371436
2487cd (base 14) to base 15
19b312
-4149ca (base 13) to base 12
-616094
-879c4 (base 15) to base 16
-692f2
Convert 3c4945 (base 14) to base 2.
111111101100101100001
Convert -737062 (base 8) to base 14.
-65574
2203030002 (base 5) to base 16
4844fc
What is 1430536 (base 7) in base 5?
22123402
What is 266046 (base 16) in base 11?
1468627
2322145 (base 6) to base 2
11101001110110001
Convert 2010101001202 (base 3) to base 11.
701488
Convert -5c78c (base 16) to base 9.
-636508
-110010010010110101010101 (base 2) to base 6
-1150330341
-47320 (base 8) to base 10
-20176
What is 6f90e (base 16) in base 9?
765758
What is 35311412 (base 6) in base 4?
10030011200
-1774406 (base 8) to base 5
-113210002
What is 1577632 (base 10) in base 9?
2864084
Convert 103031201 (base 5) to base 15.
8a386
651a1a (base 13) to base 3
11110122011110
Convert -11101010110000011 (base 2) to base 7.
-1010265
Convert 100110000010100010 (base 2) to base 3.
21220201202
-12031112111 (base 4) to base 6
-54514525
6250225 (base 7) to base 16
b780e
What is -12703d (base 15) in base 5?
-211244213
Convert -21012333322 (base 4) to base 14.
-46236a
What is -4270220 (base 8) in base 11?
-710776
Convert 177426 (base 9) to base 5.
12013202
Convert 124737 (base 9) to base 7.
433444
What is -20240674 (base 9) in base 8?
-45026361
What is 111111000000001000 (base 2) in base 9?
432878
Convert -24102101 (base 6) to base 2.
-10111000010000110101
What is -11da5a (base 14) in base 10?
-613952
Convert 221613 (base 7) to base 11.
27392
What is 7007334 (base 9) in base 11?
2114aa6
223101100 (base 4) to base 13
62893
What is -120453155 (base 7) in base 10?
-7492238
What is 2ca630 (base 16) in base 14?
562532
Convert -12331311113 (base 4) to base 5.
-431414020
-4578 (base 15) to base 6
-152122
Convert -10204321 (base 6) to base 14.
-7a089
Convert -10123030320 (base 4) to base 6.
-40510200
What is -1d07c (base 16) in base 10?
-118908
1733986 (base 11) to base 8
13175661
Convert 21221211033 (base 4) to base 13.
6a751a
32000213310 (base 4) to base 6
210414340
What is 3021436 (base 7) in base 3?
200012111221
Convert -1110645 (base 12) to base 4.
-30123002111
403100324 (base 5) to base 11
a01620
What is -64297 (base 14) in base 13?
-861c2
Convert -391b43 (base 12) to base 16.
-e4a23
Convert 64a9687 (base 12) to base 7.
321434332
Convert -2e154 (base 15) to base 16.
-24544
Convert 341523 (base 13) to base 15.
194be9
What is 203122402 (base 5) in base 3?
1120022110101
Convert 736302 (base 8) to base 9.
412874
What is 10000001111100110001 (base 2) in base 16?
81f31
What is 101837 (base 11) in base 12?
7a67a
30230323210 (base 4) to base 14
629684
What is 138203 (base 10) in base 5?
13410303
Convert -62442 (base 14) to base 16.
-39d1a
1511761 (base 15) to base 12
513133a
Convert 211003211 (base 4) to base 12.
73a05
17a0625 (base 11) to base 5
1234433311
520245 (base 8) to base 15
3604c
-5dc6d6 (base 15) to base 5
-2122401201
-2760577 (base 8) to base 10
-778623
What is -a9a242 (base 15) in base 7?
-125465312
-2443544 (base 8) to base 5
-133024021
100131211 (base 4) to base 8
203545
751517 (base 11) to base 12
49ba98
-16224057 (base 9) to base 14
-111001d
Convert -90bab (base 13) to base 12.
-105ab5
What is 881635 (base 13) in base 5?
1304431322
Convert 3550333 (base 6) to base 12.
8b3a9
What is 10100101001110011 (base 2) in base 12?
40b57
What is -5b5a7 (base 14) in base 11?
-142923
What is 103255142 (base 6) in base 14?
35d7b8
Convert 23103220 (base 4) to base 12.
22974
-494246 (base 15) to base 4
-31120033011
-16713 (base 14) to base 9
-85161
-124646 (base 7) to base 16
-5b0d
1002023203233 (base 4) to base 15
17ca5ec
Convert 134bd (base 15) to base 5.
3434303
-619596 (base 14) to base 10
-3291168
What is -2671321 (base 8) in base 9?
-1363174
Convert 1420340014 (base 5) to base 7.
43211552
Convert 4a848 (base 12) to base 6.
2101332
What is -105180 (base 9) in base 12?
-30453
Convert -42221236 (base 8) to base 2.
-100010010010001010011110
What is 1011110100001110011 (base 2) in base 5?
44342222
5445430 (base 6) to base 4
1002013122
What is 1ec610 (base 16) in base 14?
3a6da0
What is -1001000101001011 (base 2) in base 14?
-d7ab
What is -2027228 (base 9) in base 8?
-4077717
-266f78 (base 16) to base 14
-497d7a
What is -206714b (base 12) in base 6?
-334532535
3243121004 (base 5) to base 11
3a54651
Convert -8266 (base 10) to base 15.
-26b1
Convert -aac0a2 (base 13) to base 12.
-1421378
What is 68a1 (base 16) in base 9?
40661
What is 112331 (base 11) in base 2?
101011101000111111
What is -1cd308 (base 14) in base 11?
-647746
413606 (base 16) to base 7
51216452
What is -650299 (base 12) in base 4?
-12011322111
Convert 1041112014 (base 6) to base 15.
ec460a
42211 (base 7) to base 6
120044
343c2 (base 15) to base 8
504530
111a03 (base 15) to base 6
25252020
-b380 (base 16) to base 5
-2432302
What is 6155 (base 12) in base 10?
10577
122323330 (base 4) to base 8
327374
What is 156652042 (base 7) in base 15?
e15e4d
Convert 14a024 (base 14) to base 7.
6053044
Convert 1451ec (base 15) to base 7.
11215542
Convert -2406661 (base 7) to base 10.
-304921
Convert 10521511 (base 7) to base 15.
1307a1
1d02b7 (base 14) to base 3
1221201120111
-11001000011001011 (base 2) to base 3
-12012202010
-254022 (base 14) to base 15
-1a3d3e
What is 231233332 (base 5) in base 13?
2a53bb
Convert -151576d (base 14) to base 15.
-d7d976
-326571 (base 8) to base 11
-75670
What is -10010111110